 the remainder when u(-4) is divided by f?
0
Let m = 22 - 9. Calculate the remainder when m is divided by 4.
1
Let f = 6 + -6. Calculate the remainder when -6*(f/(-2) + -5) is divided by 8.
6
Suppose -k = -2*k - 21. Let m = 31 + k. Calculate the remainder when 192/5 + (-4)/m is divided by 13.
12
Let x = -212 - -355. Calculate the remainder when x is divided by 36.
35
Let c(u) = -2*u**3 + 1 + u**3 - 13*u + 8*u**2 + 5*u. Let w = -3 + 9. What is the remainder when c(w) is divided by 13?
12
Let v(w) = w**3 - 7*w**2 + 7*w - 6. Let r be v(7). Suppose 5*p + 4*k - 215 = 0, 4*k - k + r = p. Calculate the remainder when p is divided by 22.
21
What is the remainder when 17 is divided by ((-2)/(-6))/((-1)/(-21))?
3
Let s(h) = h + 7. Suppose -9 = -q - 0*q. Calculate the remainder when s(9) is divided by q.
7
Suppose 0 = -4*x + 7 + 5. Suppose x*f - 15 - 30 = 0. Suppose 4*l = 4*z - 5*z, 4*l = -8. What is the remainder when f is divided by z?
7
Suppose 0 = 3*f - 159 - 24. Calculate the remainder when f is divided by 9.
7
Suppose -2*o - 11 = -5*d + 4*d, -4*o + 41 = 5*d. What is the remainder when d is divided by 3?
0
Let w(v) = 4*v + 2. Calculate the remainder when w(8) is divided by 12.
10
Let n(z) = 2*z**2 + 10*z - 32. What is the remainder when n(-10) is divided by 14?
12
Let w be (-76)/(-10)*(-18 - -13). Calculate the remainder when 56 is divided by ((-6)/(-2))/(-6)*w.
18
Suppose -2*m - 192 = -5*i, -i = -3*i + 3*m + 79. Calculate the remainder when i is divided by 8.
6
Let i = 277 - 196. What is the remainder when i is divided by 18?
9
Let y = 36 - 1. Calculate the remainder when y is divided by 6.
5
Suppose -4 = 3*j + j. Let u(g) = 3*g**2 + 3*g + 3. What is the remainder when u(-2) is divided by 1*(-5 - 0)/j?
4
Suppose -10*j = -2*j - 80. Suppose 0 = -z + 3*z. What is the remainder when (z - (-11 - -2))*2 is divided by j?
8
Let g(f) = -f**2 - 5*f + 8. Let i be g(-7). Let s(k) = -2*k. What is the remainder when 47 is divided by s(i)?
11
Let o = 168 + -90. Let l = 115 - o. Calculate the remainder when l is divided by 13.
11
Let k = 203 + -87. Calculate the remainder when k is divided by 24.
20
Let q(l) = l + 8. Let w(x) = x**2 - 5*x + 5. Let h be w(5). Suppose 4*j - 21 = -z, 0 = h*j - 3*z - 6 - 33. What is the remainder when q(j) is divided by 5?
4
Suppose 379 = 4*t + 99. What is the remainder when t is divided by 36?
34
Let j(b) = b**2 - 10*b - 21. Calculate the remainder when j(17) is divided by 20.
18
Let u = 6 + -4. Suppose -4*r = -3*k + 5*k - 8, 0 = 2*k. What is the remainder when u is divided by r?
0
Let d(b) = -b + 8. Let k be d(9). Let o = 2 - k. Calculate the remainder when o is divided by (1 + 0)/(2/4).
1
Let r = -8 + 23. Suppose -2*h + 3*h - r = 0. Calculate the remainder when 44 is divided by h.
14
Let y(l) = l**2 - l + 3. Let p(i) = -i**2 + 2*i - 7. Let m(s) = 2*p(s) + 5*y(s). What is the remainder when 32 is divided by m(2)?
10
Suppose 3*m = 73 + 26. What is the remainder when 162 is divided by m?
30
Calculate the remainder when 12 is divided by ((-1)/(-3))/(31/744).
4
Let x be (3 - (-2)/(-2)) + 4. Suppose 0 = -2*t - 4 + x, -2*s + 3*t + 25 = 0. What is the remainder when s is divided by 4?
2
Suppose o - 227 = -4*v + 2*o, -3*v - 5*o + 199 = 0. Calculate the remainder when v is divided by 10.
8
Calculate the remainder when (106/(-3))/((-66)/99) is divided by 4/10 - (-276)/10.
25
Suppose 0 = n - 4*n + 12. Suppose j - 5 = -p, 0*j = -5*j. Suppose 0 = p*q - n - 1. Calculate the remainder when q is divided by 1.
0
Suppose 1 = -4*j - 3. Calculate the remainder when 32/(j - -3) + 1 is divided by 9.
8
Let b(z) = -z**3 + 13*z**2 - 8*z - 11. What is the remainder when b(12) is divided by 10?
7
Suppose -2*u = -8 - 4. What is the remainder when 12/(-42) - 298/(-14) is divided by u?
3
Suppose -3*m = b - 9 - 13, 3*b - 3*m = 6. Let f(u) = u**3 + 5*u**2 + 7*u + 14. Calculate the remainder when b is divided by f(-4).
1
Let k = -112 + 121. Let b = 10 - -94. Suppose 0*u - b = -4*u. What is the remainder when u is divided by k?
8
Suppose -4*x = 3*b - 29, -2*x + 19 = b + 6. Suppose -t = b*t - 60. Calculate the remainder when 4/14 - 582/(-21) is divided by t.
13
Suppose 0 = -3*h + 2*b + 34, 3*b + b = 2*h - 12. Let l(i) = -i**2 + 7*i - 2. Let k be l(6). Calculate the remainder when h is divided by k/10 + (-76)/(-10).
6
Suppose 2*w - 37 = -3*p, 87 = 5*p + w + 30. Calculate the remainder when 19 is divided by p.
8
Let t(g) = -g**2 + 5*g - 3. Let q(o) = o**2 - 2*o. Let h be q(2). Let a = 8 - h. Calculate the remainder when a is divided by t(3).
2
Let w(c) = -c**3 + 5*c - 3. Let y be w(4). What is the remainder when 65 is divided by (y + 3)*(-2)/4?
21
Let o = 17 + -6. What is the remainder when -2 - 3/(3/(-23)) is divided by o?
10
Let v(f) = 2 + 5*f + 9*f**2 + 0*f + 3*f + f**3. What is the remainder when v(-6) is divided by 21?
20
Let s(c) be the first derivative of c**2/2 + 21*c + 3. What is the remainder when 34 is divided by s(-9)?
10
What is the remainder when ((-1092)/10)/(-3) - (-66)/110 is divided by 14?
9
Suppose -4 = -0*s - 4*s. Suppose -5*p + 4 = -3*r, 0 = -2*p + 10. Let j = s + r. Calculate the remainder when 14 is divided by j.
6
Let w be (-2)/(-3) + 56/24. Suppose w*v - 44 = -v. What is the remainder when 21 is divided by v?
10
Calculate the remainder when (-15)/(-12)*1*12 is divided by (-4 - 1) + 4 - 1*-7.
3
Let u(i) be the third derivative of i**5/60 + i**4/12 + i**3/3 - i**2. What is the remainder when u(-6) is divided by 7?
5
Calculate the remainder when ((-36)/(-4))/((-6)/(-42)) is divided by 17.
12
Let f = -79 + 88. What is the remainder when 24 is divided by f?
6
Suppose -3*m + 13*m - 60 = 0. Calculate the remainder when 35 is divided by m.
5
Calculate the remainder when (-4)/16*-1*4 - -90 is divided by 31.
29
Let r(l) = 30*l**2 + 1. Calculate the remainder when r(-1) is divided by (-2 - 0)/((-1)/8).
15
Let y(r) = 2*r - 13. Let c be y(8). Suppose -v = -2*v + c*s + 35, -5*v = -2*s - 162. What is the remainder when 93 is divided by v?
29
Let d(i) = -2*i**2 + 6*i - 5. Let q be d(7). Suppose 4*o = -o + l - 170, -2*o - 86 = -4*l. Let a = o - q. What is the remainder when a is divided by 10?
8
Let v = -6 + 11. Let j = 7 + v. Suppose -136 = -2*u - 2*u. Calculate the remainder when u is divided by j.
10
Suppose -3*i + 9 = -3. Suppose o + 3 = -0, 39 = 3*t - 2*o. What is the remainder when t is divided by i?
3
Let u = 276 + -131. Let h = u - 98. Calculate the remainder when h is divided by (-3 - -1)/(1/(-8)).
15
Let b(s) = 3*s**2 + s + 1. Suppose -3*p - 4*g = -1, 4*g + 4 = -5*p + 3*g. What is the remainder when (5 - 3) + 0 + 3 is divided by b(p)?
2
Suppose -2*q - 2*x + 101 = 3*x, -2*q + x = -71. Calculate the remainder when q is divided by 9.
2
Let s(o) = 9*o - 7 - o**2 + 4*o - 5*o. Calculate the remainder when 12 is divided by s(6).
2
Let l be 0*(-3)/6*2. Suppose -3*w = -l*w - 69. What is the remainder when 44 is divided by w?
21
Suppose 113 = 13*m - 17. Calculate the remainder when 38 is divided by m.
8
Let h be -2 - -1 - (0 - -653). Suppose 0 = -3*n + 3*a + 42, 51 = n + 3*n + a. What is the remainder when h/(-27) + 4/(-18) is divided by n?
11
Suppose 4*c + 240 = -c. Let t = c - -68. Suppose 15 = 5*j - t. Calculate the remainder when j is divided by 4.
3
Let t = -18 + 25. Suppose -5*j + t = -43. What is the remainder when 28 is divided by j?
8
Let v(l) = l**3 - 6*l**2 + l + 1. Let f(k) = k**2 - 3*k - 6. Calculate the remainder when f(-6) is divided by v(6).
6
Calculate the remainder when 1/2*-2*-17 is divided by 7.
3
Suppose 5*y - 151 = 69. What is the remainder when y is divided by 15?
14
Let s be (3/4)/((-11)/44). Let y = 9 - s. What is the remainder when 21 is divided by y?
9
Suppose 0*w = 2*w - 342. Suppose 0 = -5*q - 4*d + w, 4*q - 35 = d + 106. Let v(y) = -2*y**2 - 22*y - 8. Calculate the remainder when q is divided by v(-10).
11
Suppose -4*s + 25 = 3*k, 17 = -5*k - 8. Suppose -6*u - 2*n = -u - 92, 4*u + 5*n - 77 = 0. Calculate the remainder when u is divided by s.
8
Let o be (-3)/12 + (-2)/(-8). Suppose 2*v + y - 12 + 0 = 0, -v + 3*y + 6 = o. Calculate the remainder when (-124)/(-8) - (-3)/6 is divided by v.
4
Suppose -3 = r - 43. Suppose -3*p = 4*s + r, 2*p - 41 = 5*p + 5*s. What is the remainder when ((-51)/p)/((-1)/(-8)) is divided by 12?
10
Supp